x be 122 - -3*10/(-15). Suppose 0 = z - 1 - 14. Calculate the highest common divisor of x and z.
15
Let y = 0 + 15. Calculate the highest common divisor of y and 15.
15
Let s(o) = -32*o - 6. Let m be s(-5). Suppose -3*p + 5*p = m. Calculate the highest common divisor of 7 and p.
7
Suppose 11 = -4*h + 59. Let s be (-30)/(-8) + 1/4. Suppose -61 = -s*f + 179. What is the greatest common factor of h and f?
12
Suppose 2*m - 7*m + 975 = 0. Suppose 3*p - m = -5*q, -2*p = -q + 5*q - 154. Calculate the highest common divisor of 4 and q.
4
Let t(u) = u**3 - 3*u**2 + u. Let o be t(3). Suppose -o*h + 20 = -2*h. Calculate the greatest common factor of h and 10.
10
Let y(r) = -r**2 + 6*r + 5. Let n be y(6). Suppose n*u - 43 = -b, 3*b - 25 - 168 = u. Calculate the greatest common divisor of 7 and b.
7
Suppose -319 = -4*v - 47. What is the greatest common divisor of 17 and v?
17
Let b(z) = z**2 - z. Let t be b(-2). Let p = 10 - t. What is the highest common divisor of 32 and p?
4
Suppose 2*j - 2*s = 26, 4*s + 2 = -14. Let i be ((-12)/j)/(10/(-45)). What is the highest common factor of 30 and i?
6
Let k be (-30)/(-45) + (-68)/(-6). Calculate the highest common factor of 30 and k.
6
Suppose 0 = -0*q + 3*q - 2*i - 37, -5*i - 25 = 0. Suppose 5*p + 72 = 7*p. Calculate the greatest common divisor of p and q.
9
Let b(w) = w**2 + 4*w - 1. Let o be b(-5). What is the highest common factor of o and 12?
4
Suppose -3*r - 112 = -10*r. Calculate the greatest common divisor of r and 4.
4
Let t(c) = c**3 + 5*c**2 - 3*c. Suppose 9 = -3*k - 4*d - 10, -k - 6 = d. Let h be t(k). What is the highest common divisor of 135 and h?
15
Suppose 3*r - 285 = 2*z - 5*z, 0 = -5*r. What is the highest common divisor of 57 and z?
19
Let k be ((-18)/(-4))/((-1)/(-16)). Let d = 1 - -40. Suppose n = m - 6*m + 13, -m + d = 5*n. What is the greatest common factor of n and k?
8
Suppose 0*i + 320 = 5*i. What is the greatest common factor of 8 and i?
8
Suppose -v = 2*v + 42. Let h = v + 23. Suppose -a = -6*a + 225. Calculate the highest common divisor of a and h.
9
Suppose -2*o - 2*o - 292 = 0. Suppose 6*c + 53 = -m + 2*c, -5*c = -m - 8. Let j = m - o. What is the highest common divisor of 8 and j?
8
Suppose -28*j + 2 = -26*j. What is the highest common factor of j and 7?
1
Suppose -2 + 9 = j - 4*m, j = 5*m + 8. Let u be (90/25)/(j/(-10)). Let r be (-2106)/u - (-2)/4. What is the highest common factor of r and 22?
22
Suppose -20 = 4*g + 80. Let c = g + 13. Let f = -4 - c. What is the highest common factor of 8 and f?
8
Let j(k) = k**2 - 2*k + 3. Let f be j(-3). Calculate the greatest common divisor of 18 and f.
18
Let w(d) = 4*d + 4. Let p be w(2). Let k = 28 - -20. What is the highest common factor of k and p?
12
Let f(p) be the second derivative of p**5/20 + 7*p**4/12 + p**2 + p. Let o be f(-7). Suppose -3*t + 85 = o*t. What is the highest common factor of t and 136?
17
Suppose -2*g + m = -27, -m = g - 6 - 12. Calculate the greatest common factor of 30 and g.
15
Let n be 4/42 + 88160/420. What is the highest common factor of n and 30?
30
Suppose -3*p + 6*p = 0. Suppose p = 2*t - t - 34. Suppose z + t = 118. Calculate the greatest common divisor of 12 and z.
12
Let h(z) = z + 4. Let t = -3 + 3. Let c be h(t). What is the greatest common divisor of 20 and c?
4
Suppose -5*a - z + 20 + 4 = 0, a + 2*z = 12. Suppose 7 - 23 = -2*n. Calculate the highest common factor of n and a.
4
Let h(m) be the first derivative of -m**2/2 + 14*m + 8. Let l be h(12). Calculate the highest common divisor of l and 1.
1
Suppose 0 = -5*a + 7 + 8, a = 3*r - 261. Calculate the highest common factor of 22 and r.
22
Suppose -3*x = a - 7, -3*x = 2*a - 3 - 2. Suppose -i - 3*c = 3*i - 69, -5*i + x*c + 66 = 0. What is the greatest common divisor of i and 105?
15
Let z be (22/(-55))/(2/(-60)). What is the highest common divisor of 12 and z?
12
Let n = -24 + 40. Suppose 3*r = z - r + n, 2*z = 5*r - 20. Let b be 10*(z - -1)*1. What is the greatest common factor of 50 and b?
10
Let r(n) = -2*n + 14. Let v be r(5). What is the highest common factor of v and 10?
2
Let i = -48 + 219. Let p be (1/(-4))/(2/(-152)). What is the greatest common factor of i and p?
19
Let h(s) = -7*s + 1. Let l be h(-2). Let t(g) = g**2 + 5*g + 5. Let q be t(-5). Calculate the greatest common factor of q and l.
5
Let k = 10 - 6. Let s(t) = t**3 + 6*t**2 - 6*t + 15. Let d be s(-7). Calculate the greatest common factor of d and k.
4
Let w(o) = -o**3 + 11*o**2 + 11*o + 13. Let c be w(12). What is the greatest common factor of c and 11?
1
Let o be ((-45)/6)/(-3)*2. Calculate the greatest common factor of o and 35.
5
Let b be ((-8)/20)/((-3)/105) + 1. What is the greatest common divisor of b and 120?
15
Let l = 6 + -8. Let m = l + 37. Let a(v) = 3*v - 5. Let g be a(4). Calculate the greatest common factor of m and g.
7
Suppose 256 = -3*b - b. Let n = -16 - b. Calculate the highest common divisor of 12 and n.
12
Let w be ((-42)/56 - (-1)/4)*-2. What is the greatest common divisor of 7 and w?
1
Let f = -11 - -16. Calculate the greatest common factor of f and 20.
5
Let h be 1858/14 + 2/7. Let r(x) = 13*x - 5*x + 20 + 10*x - 19. Let u be r(1). Calculate the highest common divisor of h and u.
19
Let g(q) = -16*q + 4. Let p be g(-5). Let i be (-21)/56 - 297/(-24). What is the greatest common factor of i and p?
12
Let o be (-2 - -3) + -2 + 6. Let z = 6 + o. Calculate the greatest common divisor of z and 11.
11
Suppose 2*r = -5*k + 145, 2*k - k - 16 = -3*r. Let y = k + -19. Let c = -17 - -29. Calculate the highest common factor of y and c.
12
Suppose -2*g + 108 = 7*g. What is the highest common divisor of 4 and g?
4
Let u(q) = 14*q**2 + 3*q - 2. Let g be u(2). Let f be (90/2)/1 + -2. Suppose -3*v + j + f = -0*j, j - 2 = 0. Calculate the greatest common divisor of v and g.
15
Let p be (-40)/(5/20*-2). What is the highest common divisor of p and 16?
16
Suppose -x + 24 = t, -2*x + 6*x + 3*t = 96. Suppose 0 = -2*v + 9 + 3. Calculate the greatest common factor of x and v.
6
Let y(h) = -h + 11. Let d be y(9). Let x = -15 + 31. What is the greatest common divisor of d and x?
2
Let j(q) = -3*q - 3. Let g be j(-2). Suppose -7*x + 2*x - 1 = m, g*m = 4*x + 54. Let v = m + 10. Calculate the greatest common factor of 16 and v.
8
Let f(v) = -v + 85. Let a be f(22). Calculate the highest common divisor of a and 14.
7
Let s = 44 + -43. Calculate the greatest common factor of s and 11.
1
Let q(f) = 45*f**2 - f + 1. Let o be q(1). Suppose 0 = m + 23 - 7. Let r = 31 + m. What is the greatest common divisor of o and r?
15
Let c be -7 + 3 + (3 - 0). Let y be (-5)/(((-2)/(-28))/c). What is the greatest common factor of y and 10?
10
Let c = 2 + 0. Let h(b) = 10 - 2*b**3 + 7*b**c + 5*b**3 - 4*b**3. Let f be h(7). Calculate the greatest common factor of 10 and f.
10
Let p(g) = g**2 + 6*g - 7. Let j be p(-6). Let x = j + 10. Calculate the greatest common divisor of x and 12.
3
Let b = -15 - -32. Suppose 0 = -5*u + 4*q + 14, -5*q - 1 = 4. Suppose -2*n = -f - 64, n - u*n + 54 = 5*f. Calculate the highest common factor of b and n.
17
Suppose 2*c + 4*r + r = 39, -5*r = 5*c - 120. What is the highest common divisor of 270 and c?
27
Suppose -2*l - n = -14 - 53, -n + 33 = l. Calculate the highest common factor of l and 17.
17
Let b(r) = -10*r - 29. Let h be b(-3). What is the highest common factor of h and 16?
1
Let u be 22/2 - 0/(-1). Let z = 0 - -2. Let v = z + -1. What is the highest common factor of v and u?
1
Let o(b) = b**3 + 6*b**2 + 4*b - 2. Let q be o(-5). What is the highest common factor of q and 9?
3
Suppose 2*i = -i - 4*u + 110, 40 = 2*i - 4*u. Calculate the greatest common divisor of i and 6.
6
Let i = 1222 - 590. Let a = -412 + i. What is the greatest common factor of 20 and a?
20
Suppose 0 = -5*l + 4*s + 205, -l + 5*l - s - 175 = 0. Calculate the greatest common divisor of l and 15.
15
Let h(d) = 65*d**2 - 3*d - 2. Let p be h(-1). Calculate the highest common divisor of p and 165.
33
Let o = 11 + -31. Let x be (o/(-3))/(4/6). What is the highest common factor of x and 50?
10
Suppose -3*n + 44 = -136. What is the highest common divisor of n and 15?
15
Suppose 0*w + 24 = -4*w. Let z be (w/5)/((-1)/25). Calculate the greatest common divisor of z and 12.
6
Let v be ((-11)/3)/((-2)/54). Sup